{"id":1128,"date":"2025-09-16T00:09:44","date_gmt":"2025-09-15T22:09:44","guid":{"rendered":"https:\/\/arekkowal.pl\/?page_id=1128"},"modified":"2025-09-16T19:03:17","modified_gmt":"2025-09-16T17:03:17","slug":"projekt-dofinansowania-z-ue","status":"publish","type":"page","link":"https:\/\/arekkowal.pl\/?page_id=1128&lang=pl","title":{"rendered":"Projekt dofinansowania z UE"},"content":{"rendered":"<p>Projekt wsp\u00f3\u0142finansowany przez Uni\u0119 Europejsk\u0105 z Europejskiego Funduszu Rozwoju Regionalnego w<br \/>\nramach Regionalnego Programu Operacyjnego Wojew\u00f3dztwa Zachodniopomorskiego na lata 2014-<br \/>\n2020.<\/p>\n<p>Tytu\u0142 projektu: Podniesienie konkurencyjno\u015bci przedsi\u0119biorstwa KOWAL LTD SP\u00d3\u0141KA Z<br \/>\nOGRANICZON\u0104 ODPOWIEDZIALNO\u015aCI\u0104 w skali krajowej oraz europejskiej poprzez zakup<br \/>\nnowoczesnego wyposa\u017cenia produkcyjnego.<\/p>\n<p>Celem projektu jest wdro\u017cenie nowoczesnych rozwi\u0105za\u0144 us\u0142ugowych dla sektora budownictwa<br \/>\nokr\u0119towego oraz stoczniowego, a tak\u017ce zminimalizowanie wykorzystania us\u0142ug podwykonawc\u00f3w.<\/p>\n<p>Planowane efekty:<br \/>\n\u2022 Skr\u00f3cenie czasu realizacji zam\u00f3wie\u0144 dzi\u0119ki nowoczesnym maszynom<br \/>\n\u2022 Poprawa bezpiecze\u0144stwa pracy poprzez u\u017cycie nowoczesnych i bardziej ergonomicznych maszyn<br \/>\n\u2022 Podniesienie jako\u015bci proces\u00f3w produkcyjnych oraz mo\u017cliwo\u015b\u0107 realizacji bardziej zaawansowanych<br \/>\nprojekt\u00f3w stoczniowych<br \/>\n\u2022 Lepsza rentowno\u015b\u0107 realizowanych projekt\u00f3w<br \/>\n\u2022 Ograniczenie odpad\u00f3w i zu\u017cycia energii dzi\u0119ki nowocze\u015bniejszym technologiom<br \/>\n\u2022 Tworzenie nowych miejsc pracy oraz podnoszenie kwalifikacji pracownik\u00f3w<\/p>\n<p>Warto\u015b\u0107 projektu (1 295 177 PLN)<br \/>\nWk\u0142ad Funduszy Europejskich (601 860,11 PLN)<\/p>\n","protected":false},"excerpt":{"rendered":"<p>Projekt wsp\u00f3\u0142finansowany przez Uni\u0119 Europejsk\u0105 z Europejskiego Funduszu Rozwoju Regionalnego w ramach Regionalnego Programu Operacyjnego Wojew\u00f3dztwa Zachodniopomorskiego na lata 2014- 2020. Tytu\u0142 projektu: Podniesienie konkurencyjno\u015bci przedsi\u0119biorstwa KOWAL LTD SP\u00d3\u0141KA Z OGRANICZON\u0104 ODPOWIEDZIALNO\u015aCI\u0104 w skali krajowej oraz europejskiej poprzez zakup nowoczesnego wyposa\u017cenia produkcyjnego. Celem projektu jest wdro\u017cenie nowoczesnych rozwi\u0105za\u0144 us\u0142ugowych dla \u2026 <a class=\"continue-reading-link\" href=\"https:\/\/arekkowal.pl\/?page_id=1128&#038;lang=pl\"> Wi\u0119cej<\/a><\/p>\n","protected":false},"author":1,"featured_media":0,"parent":0,"menu_order":0,"comment_status":"closed","ping_status":"closed","template":"","meta":{"ngg_post_thumbnail":0,"footnotes":""},"class_list":["post-1128","page","type-page","status-publish","hentry"],"_links":{"self":[{"href":"https:\/\/arekkowal.pl\/index.php?rest_route=\/wp\/v2\/pages\/1128","targetHints":{"allow":["GET"]}}],"collection":[{"href":"https:\/\/arekkowal.pl\/index.php?rest_route=\/wp\/v2\/pages"}],"about":[{"href":"https:\/\/arekkowal.pl\/index.php?rest_route=\/wp\/v2\/types\/page"}],"author":[{"embeddable":true,"href":"https:\/\/arekkowal.pl\/index.php?rest_route=\/wp\/v2\/users\/1"}],"replies":[{"embeddable":true,"href":"https:\/\/arekkowal.pl\/index.php?rest_route=%2Fwp%2Fv2%2Fcomments&post=1128"}],"version-history":[{"count":2,"href":"https:\/\/arekkowal.pl\/index.php?rest_route=\/wp\/v2\/pages\/1128\/revisions"}],"predecessor-version":[{"id":1131,"href":"https:\/\/arekkowal.pl\/index.php?rest_route=\/wp\/v2\/pages\/1128\/revisions\/1131"}],"wp:attachment":[{"href":"https:\/\/arekkowal.pl\/index.php?rest_route=%2Fwp%2Fv2%2Fmedia&parent=1128"}],"curies":[{"name":"wp","href":"https:\/\/api.w.org\/{rel}","templated":true}]}}